common divisor of r and 126?
14
Suppose 27*x - 19824 - 187 - 93551 = 0. Calculate the highest common factor of x and 6.
6
Let w = -35 - -77. Let s be 140/w*(-3)/(-5). Calculate the highest common factor of 41 and s.
1
Let w(u) = 107*u - 12070. Let k be w(113). Calculate the highest common factor of 23037 and k.
21
Let y be (-66)/231 + (-219)/(-7). Suppose -714 = -3*i - 30. Let p = 507 - i. Calculate the greatest common divisor of p and y.
31
Let d(m) = 12*m**3 + 54*m**2 - 174*m - 3. Let b be d(3). Calculate the greatest common factor of 38 and b.
19
Suppose 2*w = 2*q + 20, -5*w + 3*q = -9*w + 12. Calculate the highest common factor of 398 and w.
2
Suppose -1101 = -7*c + 369. What is the highest common factor of 45 and c?
15
Let r(q) = q**3 + 3*q**2 - 2*q - 3. Let c be r(3). Let v = c + -32. Suppose -t + 4*m = -30 - v, m = t - 40. What is the greatest common factor of t and 26?
13
Suppose 4*q + 8354 = 5*n, -n - 889 = q - 2567. What is the greatest common factor of n and 27?
27
Let a = -206 - -123. Let o = a + 87. Let p be ((-5)/o)/((-2)/96). Calculate the highest common divisor of 20 and p.
20
Let c = 1819 - 1135. Suppose 2*r - 4*g = -2*g + c, 2*r - 5*g - 696 = 0. What is the highest common divisor of r and 26?
26
Let y = 82 + -45. Let d = 15537 - 15241. Calculate the highest common factor of y and d.
37
Let s = -3808 - -4473. Calculate the highest common factor of s and 95.
95
Let u be (158/(-5))/((-10)/(-1800)). Let b be u/(-56) - (-3)/7. Suppose b = 5*y + 72. Calculate the highest common factor of y and 9.
3
Let u = -337 - -391. Suppose -53*p = -u*p + 18. What is the greatest common divisor of 81 and p?
9
Let m be ((-46)/(-18) - (-96)/216) + 46 - 1. Calculate the highest common factor of m and 1200.
48
Suppose 25*n - 33966 = -9*n. What is the highest common divisor of 81 and n?
27
Suppose -7*i = -16*i + 180. Let y be -1 + ((-19467)/(-36) - (-1)/4). Calculate the greatest common factor of i and y.
20
Let a(d) = 0*d + d + d - d. Let v(s) = 4*s + 11. Let i(m) = 6*a(m) - v(m). Let z be i(10). Calculate the highest common factor of z and 63.
9
Suppose 7*c - 10835 = 610. Suppose -45*l + c = -12720. Calculate the greatest common factor of 11 and l.
11
Suppose 4912*z - 4887*z - 10750 = 0. What is the highest common factor of 640 and z?
10
Let z(l) = -l**3 - 3*l**2 + 20*l + 21. Let p be z(-6). Let t(r) = 2*r**3 - 16*r**2 - 11*r + 28. Let v be t(p). What is the highest common factor of 26 and v?
13
Suppose -2*v - 11 + 3 = 0. Let j be 4193/28 + -8 - (-3)/v. Calculate the highest common divisor of 94 and j.
47
Suppose -17*p + 9*p = -10*p. Suppose p = -7*c + 3*c + 24. Let h be 2/c + 518/21. What is the greatest common factor of h and 200?
25
Let m(b) = -b**2 - 88*b - 447. Let c be m(-6). Suppose -49 = -3*w + 86. Calculate the greatest common divisor of w and c.
45
Let l be ((-11020)/(-725))/(4/150). What is the greatest common divisor of 494 and l?
38
Suppose -3*v - 15 = -30. Let z be (-8)/(20/v) + (-132)/(-3). What is the greatest common divisor of 15 and z?
3
Suppose 0 = -p - 5*l + 11, 4*p - 128 = 2*l - l. Let f = p - 27. Suppose 4*r - 42 = -3*o - 6, o - 20 = -f*r. Calculate the greatest common factor of 64 and o.
8
Let d be ((-10)/24 + 16/(-64))*-51. Calculate the greatest common divisor of d and 1819.
17
Suppose 3*w = 3*w + 15*w. Suppose 4*p - 3*z = 1514, 5*p - 7*p - 4*z + 768 = w. What is the greatest common factor of 20 and p?
20
Let o be ((-36)/32 - (-6)/3)*8. What is the highest common divisor of 7 and o?
7
Let g(y) = -51 + 25*y + 117 - 56. Let r be g(8). What is the highest common divisor of 30 and r?
30
Let v = -71 - -74. Let m be 2*3*13/(-26). Let a be (7/(-21))/(1/m). Calculate the highest common divisor of a and v.
1
Let i = -6457 + 6495. What is the highest common divisor of 4047 and i?
19
Let h(z) = -z**2 - 10*z - 7. Let n be h(-5). Let s be (-193)/(-7) + n/42. Let x = s + -19. Calculate the highest common factor of x and 81.
9
Let a be ((-70)/(-3))/((-2)/(-9)). Let v = -76 - -188. Let i = v + -91. Calculate the greatest common divisor of i and a.
21
Let b(v) = -26*v - 22. Let d be b(-11). Suppose -z + 5*p + 48 = 0, 3*p + 20 = 5*z - 154. Calculate the greatest common factor of z and d.
33
Let x = 4044 - 3820. What is the greatest common factor of x and 2968?
56
Suppose 2*u - 2*h = 18, -2*u = 2*u + h - 21. Let g be u - 6 - (1 - 20). Let y be (-3)/6 - 39/(-2). Calculate the highest common divisor of y and g.
19
Let p = 205 - -635. Calculate the highest common divisor of p and 63.
21
Let p(a) = -5759*a**2 + 5758*a**2 + 2*a - 12*a + a**3. Let n be p(6). Calculate the greatest common factor of 90 and n.
30
Let t be ((-26)/5 + 2)/(((-4)/1295)/2). Calculate the highest common factor of 154 and t.
14
Suppose -g + z + 8 = 0, 15 + 17 = g + 5*z. Suppose 4*q = -s + 435, 420 = 4*q + 4*s - 8*s. What is the greatest common factor of q and g?
12
Let i = -6585 + 6598. What is the highest common factor of i and 8983?
13
Let i be 208/1 + 1000/(-140) + 36/(-42). What is the highest common divisor of 975 and i?
25
Let j = -444 + 634. Suppose 811*x + 152 = 813*x. Calculate the greatest common factor of j and x.
38
Let k(t) = -t**2 + 61*t - 704. Let d be k(22). Suppose -3*a + 51 = u, 2*u + 3*a - 249 = -2*u. What is the highest common factor of d and u?
22
Suppose 10*l = 35*l - 600. Suppose l*m = 4002 - 1098. Calculate the highest common factor of 22 and m.
11
Suppose 0 = -5*p - 2*j + 68, 3*p + 3*j + 29 - 77 = 0. Suppose 2*h + p = 42. Calculate the highest common factor of 15 and h.
15
Suppose -19*k + 2*k + 294 = -641. What is the greatest common divisor of k and 9955?
55
Let h = -78 - -87. Suppose -h*a = -3*a - 840. What is the highest common factor of 20 and a?
20
Suppose -6*a + 5434 = -25*a. Let w = a + 484. Calculate the greatest common factor of w and 22.
22
Let g(h) = 21*h**2 + 97*h + 302. Let t be g(-3). What is the greatest common divisor of t and 1175?
25
Let b = -14972 + 15112. What is the greatest common factor of b and 2044?
28
Suppose -191*t + 193*t - 6*y - 1094 = 0, 3*y = -3*t + 1653. What is the greatest common factor of t and 33?
11
Let f = -670 + 1312. Let s = f + -258. What is the greatest common factor of 12 and s?
12
Let g(i) = i**2 - 13*i - 1125. Let x be g(43). What is the highest common divisor of x and 915?
15
Let q = -54 - -71. Suppose -5*g - q = 4*o, 0 = -2*o - 0*o - 3*g - 11. Let j be (0 - 2)/o - -21. What is the greatest common divisor of j and 15?
5
Suppose 61*s - 3544 + 491 = -369. What is the greatest common divisor of 800 and s?
4
Let p(w) = w**3 + 69*w**2 - 3*w - 75. Let r be p(-69). Calculate the highest common divisor of r and 198.
66
Let m = 72 - 60. Suppose 10*c + 30 = m*c. Calculate the greatest common divisor of 45 and c.
15
Let o = -142 + 146. Suppose -t + 2*v = 4*v - 59, -5*v = -o*t + 210. Calculate the highest common divisor of t and 22.
11
Suppose 69*b + 756 = 73*b. Let y be (-5 - -1) + -6 + 25 + -6. Suppose -j + t + 18 = 0, 7*j - y*j + 57 = 5*t. What is the highest common factor of b and j?
21
Let c(z) = 265*z**2 - 97*z - 95. Let g be c(-1). Calculate the greatest common divisor of g and 356.
89
Let c(w) = 2*w**2 + 23*w + 33. Let s be c(-11). Suppose 27*y + s = 265. What is the greatest common factor of 12 and y?
3
Let w = 14 - 1. Let s be (1 - 6) + (-12 - -19). Let c be s/(-3) + 205/15. Calculate the highest common factor of c and w.
13
Let z(n) = -4*n**3 - 68*n**2 - 21*n - 59. Let c be z(-19). Calculate the highest common divisor of 4 and c.
4
Let k be (1 + 11)*(-36)/(-3). Suppose -58*t + 61*t = 1182. Suppose 2*h - 188 = -2*x, -26*h - t = -30*h + 5*x. What is the greatest common divisor of k and h?
48
Let b(x) = -62*x + 1017. Let d be b(16). What is the highest common factor of 16700 and d?
25
Let v be ((-2)/((-8)/12))/((-6)/(-28)). Let d = v + 22. What is the greatest common divisor of 36 and d?
36
Let q be (1/(-4)*(-1584)/(-110))/(4/(-480)). Calculate the highest common divisor of 9 and q.
9
Suppose -z + 12 = 5*o + 36, 3*o = -3*z - 12. Let r be (o + 11 - 5)*36. What is the greatest common divisor of r and 180?
36
Suppose 3*d - 3*a = 76 - 13, -4*a - 18 = -d. Let r = 34 - d. What is the highest common factor of 348 and r?
12
Let y = 145 - 214. Let q = 453 + y. What is the greatest common factor of 24 and q?
24
Le